 Suppose -4*k = i*w - 0*w, 0 = -2*w - 5*k - 15. Suppose w*x + 65 = 10*x. Calculate the remainder when 20 is divided by x.
7
Calculate the remainder when 6 - -3*(-6 - -5) - -570 is divided by 9.
6
Let x = -92 - -96. Calculate the remainder when 24 is divided by x.
0
Suppose 8*x - 52 = 4*x. Calculate the remainder when 24/21*70/4 is divided by x.
7
What is the remainder when (-2 - 3) + 7/14*46 is divided by 3?
0
Suppose 0 = 2*a - 3 - 3. Suppose -5*x = 5*s + 45, -a*x - x = s. Let q = s + 22. What is the remainder when q is divided by 3?
1
Let k = -9 + 12. Suppose -k*c = c - 24. Suppose c*a = 113 + 25. What is the remainder when a is divided by 6?
5
Let y(d) = -2*d**2 + 7*d + 53. Let u(o) = 3*o**2 - 11*o - 79. Let l(p) = -5*u(p) - 8*y(p). What is the remainder when 114 is divided by l(-6)?
10
Let g(k) = -4*k - 29. Let f be g(-8). Let t(b) = 14*b + 12. Suppose 0*o - 95 = -5*z + 4*o, 0 = 5*z + 4*o - 95. What is the remainder when t(f) is divided by z?
16
Let t = 140 - 101. Let b(y) = -y**3 - 7*y**2 - y + 3. What is the remainder when t is divided by b(-7)?
9
Let b(l) = -l + 2*l**2 - 2*l + 2*l. Let u be b(-9). Suppose -4*t = -t - u. Calculate the remainder when t is divided by 12.
9
Suppose 0 = s, -4*j + 3*s - 11 = -367. What is the remainder when j is divided by 18?
17
Suppose -140 = -5*y + 5*s, 0 = -5*y - 4*s - 7 + 120. Let t = y - 15. Let v = -10 + 37. Calculate the remainder when v is divided by t.
7
Suppose -3*n + 2*k = -5, -k = -4*n - 2*k - 8. Let p = 58 + -16. What is the remainder when p is divided by (4/6)/n*(-1056)/64?
9
Let n be (6 + -1)/((-4)/(-24)). Suppose -n = -l + 4. Suppose l + 21 = 5*d. Calculate the remainder when 20 is divided by d.
9
Suppose -14 = 2*h + c + 34, -c = -4*h - 102. Let m be 1/2 - h/(-10). Let v(x) = -x**3 + x**2 - x + 1. Calculate the remainder when v(m) is divided by 6.
3
Let b(c) = -c**3 + 6*c + 2. Let x be -6*(1/(-2) + 2). Let a = x - -5. What is the remainder when b(a) is divided by 15?
12
Let s(j) = -j + 63. What is the remainder when 90 is divided by s(39)?
18
Let x be (-2)/(-9) - 411/27. Let g be (18/(-10))/(1/x). Suppose o + 1 = g. What is the remainder when o is divided by 14?
12
Let z(v) = 2*v**2 + 26*v + 5. Let w be z(-15). Suppose 7*f - 12*f = -w. Calculate the remainder when 64 is divided by f.
12
Let o(p) = 4*p**2 - p. Let r be 8/12 - 3/(-9). Suppose 0 = -2*q - r + 9, q = -4*m - 4. Calculate the remainder when 70 is divided by o(m).
16
Suppose 5*m = -f + 174, 3*m + 321*f - 324*f = 108. Let y = -111 - -214. What is the remainder when y is divided by m?
33
Let g(z) = 4*z - 10. Let i be g(3). Let q be 10/5*(-42)/(-4). Suppose i*x = 5*x - q. What is the remainder when x is divided by 4?
3
Let a(s) = 177*s - 88. What is the remainder when 208 is divided by a(1)?
30
Let d(c) = -c**3 + 11*c**2 + 2*c - 2. Let v(r) = -15*r. Calculate the remainder when d(4) is divided by v(-2).
28
Let b(m) = -674*m + 357. Calculate the remainder when b(-4) is divided by 13.
11
Suppose -5*c + 2 = 17. What is the remainder when (c - -3) + 1*10 is divided by (-1 - 11)/(-5*(-2)/(-5))?
4
Let g(k) = 4*k**2 - 22*k + 54. Calculate the remainder when g(5) is divided by (-5 - 2)*(-12)/7.
8
Let s(k) = -2*k + k + 2*k + 29 - 7. Calculate the remainder when 2/(-3) - (-382)/6 is divided by s(-6).
15
Let a(n) = -5*n + 95. Calculate the remainder when 997 is divided by a(15).
17
Let j = 236 + -188. Calculate the remainder when j is divided by 13.
9
Suppose -3*s + 177 = 5*u - 69, -2*s = -4*u - 164. Suppose 5*q = 43 + s. What is the remainder when 122 is divided by q?
22
Let v = 342 - 330. What is the remainder when v is divided by (5 - 3)/((-2)/(-4))?
0
Suppose 494*m - 488*m - 756 = 0. Calculate the remainder when m is divided by 22.
16
Suppose 2*r - 5*z = 3*r - 31, 3*r + 7 = 5*z. Suppose -r = -2*i, 3*p + 0*i = 4*i - 6. Let c(w) = 25*w + 1. What is the remainder when c(p) is divided by 13?
12
Suppose 0*v + 12 = 2*v. Suppose 4*k - 2*k - 3*s = 5, 4*k - 4*s - 20 = 0. Calculate the remainder when k is divided by v.
4
Let i = 10 - -11. Let u = -2891 + 3015. Calculate the remainder when u is divided by i.
19
Let t = -855 + 876. What is the remainder when 107 is divided by t?
2
Let u = 1054 + -545. Calculate the remainder when u is divided by 10.
9
Let l(p) = -p + 49. Let t(a) = 2*a**3 - 13*a**2 - 5*a - 1. What is the remainder when l(0) is divided by t(7)?
10
Suppose -5*u + 50 = -0*u + 4*c, 2*u - 7 = c. Calculate the remainder when u is divided by 3.
0
Suppose 3*x - u - 34 = 0, 2*u = -x + 4 - 2. What is the remainder when (-1 - 0) + (-72)/(-6) is divided by x?
1
Suppose 3*n - 352 = -5*i, 184 = 3*i + 5*n - 10*n. Calculate the remainder when i is divided by 25.
18
Let x(v) = -3*v - 1. Let f be 255/4 + -1 + (-15)/(-12). Suppose f*p = 63*p + 54. Calculate the remainder when p is divided by x(-5).
12
Suppose -22*r = -24*r + 60. Calculate the remainder when r is divided by 25.
5
Calculate the remainder when 34/(-34)*-109*19 is divided by 14.
13
Suppose 2322 = 3*u + j - 407, -5*u + 4555 = 5*j. What is the remainder when u is divided by 76?
73
Suppose 0 = -z - 3*z + 4*g + 48, 0 = 4*g. What is the remainder when z is divided by 68*(-7)/(-70) - (-4)/(-5)?
0
Suppose -5*x + 14 = q - 58, 5*x + 163 = 4*q. Calculate the remainder when q is divided by 18.
11
Let j = -84 + 82. Calculate the remainder when (4/(-1) - j)*(2 - 12) is divided by 3.
2
Let n(u) = 13*u + 32. Let a(m) = 7*m + 16. Let y(h) = -11*a(h) + 6*n(h). What is the remainder when y(-5) is divided by 3?
2
Let o = -12 + 21. Suppose -5*n + 59 = o. Let x = n + 2. Calculate the remainder when 47 is divided by x.
11
Suppose 2 = h + 1. Calculate the remainder when -2*((-27)/6)/h is divided by 7.
2
Let o(n) = n**3 + 6*n**2 - 14*n - 23. Calculate the remainder when 97 is divided by o(-7).
19
Suppose -w - 5*g + 10 = 0, w + 59 - 69 = 4*g. Calculate the remainder when 122 is divided by w.
2
Suppose -44*l + 39*l - 4*u + 501 = 0, -5*u - 106 = -l. Calculate the remainder when l is divided by 27.
20
Let k = -367 + 384. Let x be 2/(-4) - 187/2. Let z = x + 160. Calculate the remainder when z is divided by k.
15
Let w = -4 - -10. Suppose 0 = 3*h, b = -4*h - 0*h + 40. What is the remainder when b is divided by w?
4
Let x(s) = -s**3 - 5*s**2 + s + 7. Let q be x(-4). Let i = q - -30. What is the remainder when 83 is divided by i?
15
Suppose -2*l + 133 = 31. Suppose -3*d + 0 = -l. What is the remainder when d is divided by 6?
5
Let u = -7 - -9. Suppose a + 15 = -3*x, 4*x + 25 = -u*a - a. Let z = a + 15. Calculate the remainder when 46 is divided by z.
10
Let h = -37 - -82. Let a = 593 - 581. What is the remainder when h is divided by a?
9
Calculate the remainder when 45 is divided by 1032/43*1/3.
5
Let o(d) = 14*d**2 + 3*d - 1. Let u be o(2). Let a = 55 + u. Let q = a - 83. Calculate the remainder when q is divided by 18.
15
Let o(l) = -l**3 - 11*l**2 - 10*l + 15. Let x be o(-10). Calculate the remainder when 68 is divided by x - (5 + 4/(-1)).
12
Let a be (1/(-2))/((-4)/800). Suppose a = 4*s - 0*s. Calculate the remainder when s is divided by 7.
4
Suppose 53*k = -y + 55*k + 330, 1298 = 4*y + 3*k. Calculate the remainder when y is divided by 55.
51
What is the remainder when 163 is divided by (-599)/(-7) - 11/77*-3?
77
Let z = 5 + 4. What is the remainder when (-6 - 0)*1 - 2*(-357)/14 is divided by 2/z + (-284)/(-18)?
13
Suppose 280 = -5*k - q, -k - k - q - 112 = 0. Let w = k - -77. Calculate the remainder when 36 is divided by w.
15
Suppose 0 = -3*l - 4*u - 567, 3*l + 552 = 2*u - u. Let c = -99 - l. Calculate the remainder when (c/2)/(-4 - -5) is divided by 23.
20
Let p = 167 - 161. What is the remainder when 334 is divided by p?
4
Suppose 5*c = 1561 + 1139. Suppose 0 = -7*t + 3*t + c. Calculate the remainder when t is divided by 23.
20
Let h(a) = 27*a**2 + 7. Let l be h(-3). Suppose b - 148 = 5*j, -234 = -3*b - 5*j + l. Calculate the remainder when b is divided by 16.
14
Let i be ((-4)/(-12))/((-1)/(-9)). Suppose i*n - 190 = -49. What is the remainder when n is divided by 17?
13
Suppose v - 13 = -5*a, 0 = -5*v - 3*a + 1 - 2. Let m be v/(-13) - 460/(-52). What is the remainder when (-2)/6 - (-129)/m is divided by 3?
2
Let r(p) = 12*p - 4. Let x be r(6). Suppose -82 = -64*i + 62*i. Calculate the remainder when i/3 + x/51 i